en 6054 is divided by 4848.
1206
Calculate the remainder when 357006 is divided by 178501.
4
What is the remainder when 4929794 is divided by 36?
26
Calculate the remainder when 134539 is divided by 32140.
5979
Calculate the remainder when 286561331 is divided by 1107.
1097
What is the remainder when 58365 is divided by 58242?
123
Calculate the remainder when 120852 is divided by 14914.
1540
Calculate the remainder when 477415 is divided by 83.
82
Calculate the remainder when 121541 is divided by 3863.
1788
What is the remainder when 10696418 is divided by 1069637?
48
Calculate the remainder when 190698 is divided by 12.
6
Calculate the remainder when 43745 is divided by 134.
61
What is the remainder when 9775244 is divided by 2328?
2300
What is the remainder when 10418 is divided by 5335?
5083
Calculate the remainder when 2169996 is divided by 46.
38
Calculate the remainder when 1901131 is divided by 49.
29
What is the remainder when 2661038 is divided by 665257?
10
What is the remainder when 11116841 is divided by 17?
14
Calculate the remainder when 7289859 is divided by 1214933.
261
Calculate the remainder when 177845 is divided by 13679.
18
What is the remainder when 2349831 is divided by 341?
0
What is the remainder when 716306 is divided by 980?
906
Calculate the remainder when 2768845 is divided by 569.
91
Calculate the remainder when 9110103 is divided by 3799.
101
What is the remainder when 910579 is divided by 107?
9
Calculate the remainder when 1271693 is divided by 2508.
137
Calculate the remainder when 72431 is divided by 28906.
14619
What is the remainder when 266615 is divided by 6?
5
Calculate the remainder when 2228999 is divided by 1681.
1674
What is the remainder when 58728157 is divided by 7?
5
What is the remainder when 2560444 is divided by 3833?
0
Calculate the remainder when 4151333 is divided by 8.
5
Calculate the remainder when 3889998 is divided by 778.
776
Calculate the remainder when 237891 is divided by 1873.
20
Calculate the remainder when 11986465 is divided by 13.
10
What is the remainder when 546917 is divided by 27343?
57
Calculate the remainder when 9354147 is divided by 1755.
1752
Calculate the remainder when 17491 is divided by 79.
32
What is the remainder when 1125145 is divided by 177?
133
What is the remainder when 60261119 is divided by 768?
767
What is the remainder when 22809 is divided by 357?
318
What is the remainder when 21864 is divided by 21231?
633
What is the remainder when 10805 is divided by 880?
245
Calculate the remainder when 1351164 is divided by 96354.
2208
What is the remainder when 188851 is divided by 4721?
11
What is the remainder when 14616673 is divided by 2681?
2542
Calculate the remainder when 12113984 is divided by 18.
2
Calculate the remainder when 483628 is divided by 241804.
20
What is the remainder when 443718311 is divided by 221859153?
5
Calculate the remainder when 300464 is divided by 656.
16
What is the remainder when 664845 is divided by 2399?
322
Calculate the remainder when 7020 is divided by 1001.
13
What is the remainder when 350710 is divided by 38625?
3085
Calculate the remainder when 103325889 is divided by 51662943.
3
Calculate the remainder when 1022688 is divided by 48699.
9
Calculate the remainder when 6205407 is divided by 46.
7
Calculate the remainder when 9198333 is divided by 100.
33
What is the remainder when 37870 is divided by 118?
110
Calculate the remainder when 51422 is divided by 843.
842
What is the remainder when 79283547 is divided by 15?
12
What is the remainder when 48014825 is divided by 59?
35
Calculate the remainder when 278356 is divided by 282.
22
Calculate the remainder when 50259995 is divided by 916.
907
Calculate the remainder when 67591 is divided by 21937.
1780
What is the remainder when 45180276 is divided by 244?
16
Calculate the remainder when 1887187 is divided by 145.
12
Calculate the remainder when 172270523 is divided by 449.
448
What is the remainder when 38065 is divided by 17822?
2421
Calculate the remainder when 1647364 is divided by 3822.
82
Calculate the remainder when 38386 is divided by 7648.
146
Calculate the remainder when 383938 is divided by 54.
52
What is the remainder when 5598593 is divided by 145?
143
Calculate the remainder when 4340690 is divided by 562.
364
Calculate the remainder when 39690384 is divided by 287.
6
Calculate the remainder when 132412 is divided by 66019.
374
What is the remainder when 428874 is divided by 1438?
350
Calculate the remainder when 369695 is divided by 474.
449
Calculate the remainder when 335760 is divided by 23977.
82
Calculate the remainder when 3517071 is divided by 49.
47
Calculate the remainder when 32840365 is divided by 503.
501
What is the remainder when 120234 is divided by 9787?
2790
What is the remainder when 170228 is divided by 16877?
1458
Calculate the remainder when 433675 is divided by 7046.
3869
What is the remainder when 5958824 is divided by 821?
6
Calculate the remainder when 4482971 is divided by 3031.
122
What is the remainder when 1727139 is divided by 10042?
9957
Calculate the remainder when 120550 is divided by 359.
285
What is the remainder when 50818379 is divided by 20?
19
Calculate the remainder when 1592134 is divided by 796031.
72
What is the remainder when 26862875 is divided by 105?
95
Calculate the remainder when 1117792 is divided by 1117784.
8
What is the remainder when 113595 is divided by 28?
27
Calculate the remainder when 51516 is divided by 664.
388
Calculate the remainder when 43300605 is divided by 194173.
26
What is the remainder when 4444183 is divided by 1350?
1333
Calculate the remainder when 515525 is divided by 4198.
3369
Calculate the remainder when 291890 is divided by 48601.
284
What is the remainder when 128292 is divided by 4694?
1554
What is the remainder when 50865179 is divided by 955?
924
What is the remainder when 155938 is divided by 51963?
49
Calculate the remainder when 33322766 is divided by 59933.
18
Calculate the remainder when 177682 is divided by 950.
32
What is the remainder when 353247839 is divided by 10?
9
What is the remainder when 277829 is divided by 55561?
24
Calculate the remainder when 161727 is divided by 16695.
11472
Calculate the remainder when 54681 is divided by 1222.
913
Calculate the remainder when 300797 is divided by 423.
44
What is the remainder when 65798 is divided by 32211?
1376
Calculate the remainder when 844866 is divided by 3366.
0
Calculate the remainder when 30559164 is divided by 202.
200
Calculate the remainder when 7054361 is divided by 881790.
41
What is the remainder when 53613476 is divided by 3490?
96
What is the remainder when 60405 is divided by 59404?
1001
Calculate the remainder when 1081163 is divided by 72.
11
What is the remainder when 1056380 is divided by 150903?
59
What is the remainder when 5176047 is divided by 26010?
57
What is the remainder when 1572125 is divided by 90?
5
What is the remainder when 640273 is divided by 1374?
1363
What is the remainder when 2641992 is divided by 175?
17
What is the remainder when 360385 is divided by 150?
85
What is the remainder when 4958896 is divided by 3542?
96
What is the remainder when 142654026 is divided by 194?
6
What is the remainder when 118713 is divided by 11841?
303
What is the remainder when 2748229 is divided by 1374105?
19
What is the remainder when 46115835 is divided by 94?
93
What is the remainder when 75244 is divided by 6259?
136
What is the remainder when 36171305 is divided by 9042821?
21
Calculate the remainder when 2261894 is divided by 164.
6
Calculate the remainder when 258436 is divided by 3851.
419
Calculate the remainder when 10193353 is divided by 262.
243
Calculate the remainder when 297598 is divided by 294939.
2659
Calculate the remainder when 104866612 is divided by 9.
7
What is the remainder when 241669 is divided by 241357?
312
Calculate the remainder when 19238 is divided by 1207.
1133
Calculate the remainder when 651820 is divided by 162936.
76
Calculate the remainder when 256618 is divided by 3475.
2943
Calculate the remainder when 1090209 is divided by 15144.
14985
What is the remainder when 11496806 is divided by 205?
201
Calculate the remainder when 43119006 is divided by 19.
7
